hat is the greatest common factor of w and 27?
27
Let v(a) = -2*a**3 - 11*a**2 - 29. Let x be v(-6). Suppose -180 = -3*p - x*p. Suppose 4*q = 3*q + 36. What is the highest common factor of p and q?
18
Suppose 0 = 212*f - 2467 - 1137. What is the highest common factor of 1207 and f?
17
Let l(z) = z**3 - 2*z**2 - z + 1. Let h be l(2). Let a be -3*(0 + h/3) - -20. Suppose a = 2*d - 3. Calculate the highest common divisor of d and 36.
12
Let d = -22437 + 22766. What is the greatest common factor of 38164 and d?
329
Let w = -4697 - -4701. What is the greatest common factor of w and 570?
2
Suppose -8173 = -3*n + 4*y, -339*y + 341*y - 4 = 0. What is the highest common factor of n and 202?
101
Suppose 328 = 88*p - 1432. Calculate the greatest common divisor of p and 740.
20
Suppose 0 = -r - 2*r. Suppose r = -3*z - 12, -2*i - 3*z - 12 = 2*i. Suppose i = 7*m + 180 - 670. Calculate the greatest common divisor of 10 and m.
10
Suppose 4*t + 5*l = 713, -438 - 68 = -3*t + 2*l. Calculate the greatest common factor of 36 and t.
4
Suppose 12*o - 3704 = 3797 - 2701. What is the highest common factor of o and 28?
4
Let q = 57 - -437. Let l be (-342)/(-13) - (-1124)/(-3653). What is the greatest common factor of q and l?
26
Let r be (-528)/616 + (-1140)/(-7). What is the highest common factor of 144 and r?
18
Suppose 0 = 4*d - 20, -4*d + 228 = 2*q + 2*q. Suppose 139*r - 291*r + 138*r = -2184. Calculate the highest common divisor of r and q.
52
Let s = 149 + -255. Let k = -79 - s. What is the greatest common divisor of 6 and k?
3
Let j = 461 - 461. Suppose j*h + 10*h = 4680. Calculate the highest common factor of 36 and h.
36
Suppose 18*t - 37*t = -20*t + 672. Calculate the greatest common factor of 84 and t.
84
Let s(t) = -2*t**3 + 11*t**2 + 38*t - 182. Let j be s(6). What is the highest common factor of j and 9155?
5
Suppose -1440 = -6*v + 252 - 96. Let g be (55 + 2)*((-10)/3)/(-5). Calculate the greatest common divisor of v and g.
38
Suppose 3*u - 33 = 4*u. Let n be (2 - -4) + (-10 - -1). Let a = n - u. What is the greatest common factor of a and 210?
30
Let d(s) = -9*s - 4 - 5*s + 2*s**2 - 8 + 24. Let c be d(8). Let v = c - 20. What is the highest common divisor of 8 and v?
8
Let t be -10*(-72)/(-27)*-34*21/280. What is the highest common factor of t and 442?
34
Let a = 41 + -173. Let b = a - -231. What is the highest common factor of 33 and b?
33
Let c(m) = -10*m + 428. Let s be c(42). Calculate the highest common factor of 2312 and s.
8
Let z be -156 + (-9 - -5 - -1). Let f = -143 - z. What is the highest common factor of 224 and f?
16
Let x = 211 + -230. Let f(q) = -q**3 - 20*q**2 - 20*q + 45. Let g be f(x). What is the greatest common factor of g and 64?
64
Suppose 0 = -68*i + 3552 + 3248. What is the highest common factor of 5540 and i?
20
Let b(j) = 41*j**2 - 20*j + 765. Let d be b(18). Calculate the highest common divisor of d and 81.
81
Suppose 79 = -3*t + 115. Suppose 3*i = -t + 30. Calculate the greatest common divisor of i and 51.
3
Let m = -12294 + 12305. What is the highest common factor of m and 231?
11
Suppose 4504*b + 88440 = 4528*b. What is the highest common divisor of 440 and b?
55
Let q = 12175 + -12149. What is the greatest common factor of q and 16042?
26
Let k = -11106 - -13206. Calculate the highest common factor of 1350 and k.
150
Let z = -2240 - -2364. What is the greatest common divisor of z and 17484?
124
Suppose 30*d + 214 = 530 + 464. Let i = -52 + 104. Let w = -26 + i. What is the highest common factor of d and w?
26
Suppose -588 + 665 - 7777 = -10*v. Calculate the highest common divisor of 1190 and v.
70
Suppose 2*t - 1648 = -3*o, -2*o = -0*o - t - 1108. Suppose -362*w + 7872 = 3926 - 12706. Calculate the highest common factor of w and o.
46
Let g(l) be the third derivative of -l**5/30 + 19*l**4/24 - 23*l**3/6 + 3*l**2 - 10*l. Let v be g(7). Calculate the highest common factor of v and 2.
2
Let p be 8/80*-4*10/2. Let z(i) = -9*i**3 + i**2 + 5*i + 4. Let g be z(p). What is the highest common divisor of 175 and g?
35
Let d be (-1 - 7)*(412 + -415). Let t(a) = -a**3 - a**2 - 7*a - 6. Let h be t(-6). What is the greatest common divisor of h and d?
24
Let f be (-17 - 294/(-18))*(-120)/2. Calculate the highest common factor of 11 and f.
1
Let d = -17731 + 17749. What is the greatest common divisor of d and 18360?
18
Let t = 541 - 366. Let q = -253 - -156. Let m = q + t. Calculate the greatest common divisor of 26 and m.
26
Let s(z) = 3*z**2 + z - 121. Let o(q) = 4*q**2 + q - 123. Let w(u) = -2*o(u) + 3*s(u). Let y be w(11). Calculate the greatest common divisor of 6 and y.
3
Let x(z) = -2*z**2 - 31*z - 77. Let r be x(-11). Suppose j + 6*d - 28 = 3*d, 0 = j + d - 20. What is the greatest common factor of j and r?
2
Let d be 2 + (-2 - -62) + (0 - -1). Let u be 3 + 1 + 18745/(24 + -1). Calculate the greatest common factor of u and d.
63
Suppose 143*x + 127995 = 416855. Calculate the highest common divisor of x and 40.
20
Let p(g) = 331*g**2 - 3*g + 1. Let z be p(2). Let f = z - 839. Let o be 1/(4/f*4). Calculate the greatest common factor of 45 and o.
15
Let p = -1747 + 3204. What is the greatest common divisor of 31 and p?
31
Let r be (960/9)/(-8)*246/5. Let t be -4 + 15/((-60)/r). Calculate the highest common divisor of t and 20.
20
Let x = 123 - 115. Suppose 11 = -x*w + 291. Calculate the highest common divisor of w and 7.
7
Suppose 0 = 3*o, -5*h + 4*h + 131 = -0*h + 4*o. Calculate the highest common factor of h and 4978.
131
Let f = -2797 - -2855. What is the greatest common factor of f and 1595?
29
Let u be (10/(-6))/(4/(-504)). Let p = u - 193. Calculate the greatest common divisor of 221 and p.
17
Suppose 308*h - 52133 - 407720 - 189103 = 0. What is the greatest common divisor of 35 and h?
7
Let n be (100/(-15) - -2)*(-66)/4. Suppose 72*v = n*v - 30. What is the highest common factor of 66 and v?
6
Let s = 698078 - 697894. Let f(c) = c**2 + 6*c - 9. Let q be f(-7). Let o be q - (-11 + (3 - 2)). What is the highest common divisor of s and o?
8
Suppose 0 = -2*f + 93*q - 95*q + 168, -2*f - 5*q + 156 = 0. Calculate the highest common divisor of 832 and f.
8
Let u be (-22 - -62) + 5/(1/(-1)). Suppose 377 = o + 2*a, -a - 2*a = 4*o - 1528. Calculate the highest common factor of u and o.
35
Suppose 51*o - 36*o = 16*o - 183. What is the highest common divisor of o and 3294?
183
Let m be 8319/295 + -1*(-2)/(-10). Suppose m = -81*d + 85*d. Calculate the greatest common factor of 7 and d.
7
Let v(s) = -3*s + 1. Let z be v(-2). Let l(d) = -d**2 + 5*d + 21. Let o be l(z). Let g be ((-15)/(-2) + 1)*14. What is the highest common factor of o and g?
7
Let t(w) = 7*w**2 - 6*w + 4. Let q be t(1). Suppose -q*o - 23 = l - 2*l, -5*l = -o - 67. What is the greatest common factor of 533 and l?
13
Let b(t) = t**3 - 68*t**2 - 29*t + 2091. Let r be b(68). What is the greatest common factor of 13328 and r?
119
Let p(q) = 37*q**2 - 364*q - 32. Let v be p(12). Calculate the greatest common divisor of 87 and v.
29
Suppose 5*u = -5*m - 19130, 3592 = -u - 4*m - 243. Let h = -2659 - u. What is the greatest common divisor of 12 and h?
12
Let o(w) = 5*w**2 + 8*w + 11. Let v be o(-4). Suppose c + v + 13 = 2*q, 4*c - 16 = 0. Calculate the highest common factor of 19 and q.
19
Let k = -6380 - -7069. Calculate the greatest common factor of 424 and k.
53
Let s = 14586 - 14583. Calculate the greatest common factor of s and 4971.
3
Let p(a) = -3*a**2 - 48*a + 16. Let z = -731 + 717. Let x be p(z). What is the highest common factor of 375 and x?
25
Let k be (4 + 0 - (5 + 0))*0. Suppose k = 13*v - 50 - 2. Calculate the greatest common factor of v and 212.
4
Suppose -4*s - 150 = -2*u, -74*s = 2*u - 77*s - 153. Suppose f = -36 + u. What is the greatest common divisor of 15 and f?
15
Let h = -27125 + 27135. Suppose p - 3*b - 83 = 0, -2*p + 3*b + 159 = 4*b. Calculate the highest common factor of h and p.
10
Let f = -504 - -357. Let g = f + 161. What is the greatest common divisor of g and 42?
14
Let k(m) = -m**3 - 7*m**2 - 8*m + 4. Let p be k(-7). Suppose p = 4*l - 228. What is the highest common divisor of 96 and l?
24
Suppose -5*q = -5*d + 290, -2*d - 14 + 24 = 0. Let n = 239 + q. Calculate the highest common divisor of 217 and n.
31
Suppose 23*f = 3856 + 12819. What is th